{"id":51,"date":"2024-08-18T13:53:44","date_gmt":"2024-08-18T11:53:44","guid":{"rendered":"https:\/\/brauerkern.de\/wordpress\/?page_id=51"},"modified":"2025-10-27T17:32:49","modified_gmt":"2025-10-27T16:32:49","slug":"team","status":"publish","type":"page","link":"https:\/\/brauerkern.de\/wordpress\/team\/","title":{"rendered":"Wir"},"content":{"rendered":"<div class=\"wpb-content-wrapper\" id=\"wpb-content-root\"><p>[vc_row][vc_column][vc_text_separator title=&#8220;Brauer &amp; Kern&#8220; css=&#8220;&#8220;][\/vc_column][\/vc_row][vc_row][vc_column width=&#8220;1\/2&#8243;][vc_column_text css=&#8220;&#8220;]<span style=\"font-weight: 400;\">Verbindlichkeit ist unsere St\u00e4rke &#8211; basierend auf der langj\u00e4hrigen Erfahrung am Buchmarkt. Wir sind da bei Hochs und Tiefs, begleiten Karrieren langfristig und ganzheitlich. Eine offene Kommunikation auf Augenh\u00f6he ist uns wichtig, nach innen wie nach au\u00dfen, mit allen Beteiligten.<br \/>\n<\/span><\/p>\n<p>&nbsp;<\/p>\n<p><span style=\"font-weight: 400;\">Vorausgegangen sind Brauer &amp; Kern die Agentur Brauer, die Oliver Brauer 2009 gr\u00fcndete, sowie die langj\u00e4hrige T\u00e4tigkeit von Roswitha Kern im nationalen wie internationalen Agenturgesch\u00e4ft. Die gemeinsame Agentur b\u00fcndelt beider Erfahrungen, um eine Betreuung auf hohem Niveau zu leisten. Durch die umfassende Kenntnis des Buchmarkts ist Brauer &amp; Kern auch bei Genrewechsel und Neuorientierung die geeignete Agentur.\u00a0 <\/span>[\/vc_column_text][\/vc_column][\/vc_row][vc_row][vc_column][vc_text_separator title=&#8220;Team&#8220; css=&#8220;&#8220;][\/vc_column][\/vc_row][vc_row][vc_column width=&#8220;1\/2&#8243;][vc_single_image image=&#8220;86&#8243; css=&#8220;&#8220;][\/vc_column][vc_column width=&#8220;1\/2&#8243;][vc_column_text css=&#8220;&#8220;]<span style=\"font-weight: 400;\">Oliver Brauer studierte Buchgeschichte in M\u00fcnchen und London, war Indie-Verleger, arbeitete in verschiedenen Verlagen und Agenturen. Er ber\u00e4t Autor:innen und Illustrator:innen vor allem im Hinblick auf das Gesamtwerk. Seine Schwerpunkte liegen im Sachbuch und in der Belletristik f\u00fcr Erwachsene sowie in der Illustration.<\/span>[\/vc_column_text][\/vc_column][\/vc_row][vc_row][vc_column width=&#8220;1\/2&#8243;][vc_single_image image=&#8220;85&#8243; css=&#8220;&#8220;][\/vc_column][vc_column width=&#8220;1\/2&#8243;][vc_column_text css=&#8220;&#8220;]<span style=\"font-weight: 400;\">Roswitha Kern ist gelernte Verlagsbuchh\u00e4ndlerin, studierte an der Universit\u00e4t M\u00fcnchen Buchwissenschaft und in Padua Kommunikationswissenschaft. Nach Stationen bei Ullstein, Heyne, List und der Verlagsgruppe Random House arbeitete sie \u00fcber 15 Jahre als Agentin bei Agence Hoffman. Ihre Schwerpunkte liegen sowohl im Bereich Unterhaltung\/New Adult und Sachbuch f\u00fcr Erwachsene als auch im Kinder- und Jugendbuch.<\/span>[\/vc_column_text][\/vc_column][\/vc_row][vc_row][vc_column width=&#8220;1\/2&#8243;][vc_single_image image=&#8220;84&#8243; css=&#8220;&#8220;][\/vc_column][vc_column width=&#8220;1\/2&#8243;][vc_column_text css=&#8220;&#8220;]Meike Schaich ist Volljuristin, sie hat in Augsburg, Lausanne und M\u00fcnchen Jura studiert. Nachdem sie in Verlagen (Oldenbourg Wissenschaftsverlag, Cornelsen, DeGruyter) t\u00e4tig war, ist sie in der Agentur f\u00fcr juristische Themen zust\u00e4ndig und leitet das Vertragsmanagement.[\/vc_column_text][\/vc_column][\/vc_row][vc_row][vc_column width=&#8220;1\/2&#8243;][vc_single_image image=&#8220;82&#8243; css=&#8220;&#8220;][\/vc_column][vc_column width=&#8220;1\/2&#8243;][vc_column_text css=&#8220;&#8220;]Dr. Silke Bromm arbeitete in Lektoraten der Verlagsgruppe Penguin Random House sowie der Verlagsgruppe Droemer Knaur. Sie unterst\u00fctzt die Agent:innen im Tagesgesch\u00e4ft und ist als Assistentin t\u00e4tig.<\/p>\n<p>&nbsp;<\/p>\n<p>&nbsp;<\/p>\n<p>&nbsp;<\/p>\n<p>&nbsp;<\/p>\n<p>&nbsp;<\/p>\n<p>Fotos Brauer, Kern &amp; Schaich: Stefanie Luebker Photography. Foto Bromm: privat.[\/vc_column_text][\/vc_column][\/vc_row][vc_row][vc_column][vc_text_separator title=&#8220;Netzwerk&#8220; css=&#8220;&#8220;][\/vc_column][\/vc_row][vc_row][vc_column width=&#8220;1\/2&#8243;][\/vc_column][vc_column width=&#8220;1\/2&#8243;][vc_column_text css=&#8220;&#8220;]Wir kooperieren mit der <a href=\"https:\/\/medienagentur-breitling.de\/\" target=\"_blank\" rel=\"noopener\">Medienagentur Breitling<\/a> im Bereich Filmrechte.<\/p>\n<p>Powered by <a href=\"https:\/\/rocajunior.de\/\" target=\"_blank\" rel=\"noopener\">Roca Junior<\/a> und <a href=\"https:\/\/www.teekampagne.de\/\" target=\"_blank\" rel=\"noopener\">Teekampagne<\/a>[\/vc_column_text][\/vc_column][\/vc_row]<\/p>\n<\/div>","protected":false},"excerpt":{"rendered":"<p>[vc_row][vc_column][vc_text_separator title=&#8220;Brauer &amp; Kern&#8220; css=&#8220;&#8220;][\/vc_column][\/vc_row][vc_row][vc_column width=&#8220;1\/2&#8243;][vc_column_text css=&#8220;&#8220;]Verbindlichkeit ist unsere St\u00e4rke &#8211; basierend auf der langj\u00e4hrigen Erfahrung am Buchmarkt. Wir sind da bei Hochs und Tiefs, begleiten Karrieren langfristig und ganzheitlich. Eine offene Kommunikation auf Augenh\u00f6he ist uns wichtig, nach innen wie nach au\u00dfen, mit allen Beteiligten. &nbsp; Vorausgegangen sind Brauer &amp; Kern die Agentur Brauer,&hellip;<\/p>\n","protected":false},"author":1,"featured_media":0,"parent":0,"menu_order":0,"comment_status":"closed","ping_status":"closed","template":"","meta":{"_acf_changed":false,"footnotes":""},"class_list":["post-51","page","type-page","status-publish","hentry"],"acf":[],"_links":{"self":[{"href":"https:\/\/brauerkern.de\/wordpress\/wp-json\/wp\/v2\/pages\/51","targetHints":{"allow":["GET"]}}],"collection":[{"href":"https:\/\/brauerkern.de\/wordpress\/wp-json\/wp\/v2\/pages"}],"about":[{"href":"https:\/\/brauerkern.de\/wordpress\/wp-json\/wp\/v2\/types\/page"}],"author":[{"embeddable":true,"href":"https:\/\/brauerkern.de\/wordpress\/wp-json\/wp\/v2\/users\/1"}],"replies":[{"embeddable":true,"href":"https:\/\/brauerkern.de\/wordpress\/wp-json\/wp\/v2\/comments?post=51"}],"version-history":[{"count":30,"href":"https:\/\/brauerkern.de\/wordpress\/wp-json\/wp\/v2\/pages\/51\/revisions"}],"predecessor-version":[{"id":300,"href":"https:\/\/brauerkern.de\/wordpress\/wp-json\/wp\/v2\/pages\/51\/revisions\/300"}],"wp:attachment":[{"href":"https:\/\/brauerkern.de\/wordpress\/wp-json\/wp\/v2\/media?parent=51"}],"curies":[{"name":"wp","href":"https:\/\/api.w.org\/{rel}","templated":true}]}}

<div class="wpb-content-wrapper" id="wpb-content-root"><p>[vc_row][vc_column][vc_text_separator title=&#8220;Brauer &amp; Kern&#8220; css=&#8220;&#8220;][/vc_column][/vc_row][vc_row][vc_column width=&#8220;1/2&#8243;][vc_column_text css=&#8220;&#8220;]<span style="font-weight: 400;">Verbindlichkeit ist unsere Stärke &#8211; basierend auf der langjährigen Erfahrung am Buchmarkt. Wir sind da bei Hochs und Tiefs, begleiten Karrieren langfristig und ganzheitlich. Eine offene Kommunikation auf Augenhöhe ist uns wichtig, nach innen wie nach außen, mit allen Beteiligten.<br />
</span></p>
<p>&nbsp;</p>
<p><span style="font-weight: 400;">Vorausgegangen sind Brauer &amp; Kern die Agentur Brauer, die Oliver Brauer 2009 gründete, sowie die langjährige Tätigkeit von Roswitha Kern im nationalen wie internationalen Agenturgeschäft. Die gemeinsame Agentur bündelt beider Erfahrungen, um eine Betreuung auf hohem Niveau zu leisten. Durch die umfassende Kenntnis des Buchmarkts ist Brauer &amp; Kern auch bei Genrewechsel und Neuorientierung die geeignete Agentur.  </span>[/vc_column_text][/vc_column][/vc_row][vc_row][vc_column][vc_text_separator title=&#8220;Team&#8220; css=&#8220;&#8220;][/vc_column][/vc_row][vc_row][vc_column width=&#8220;1/2&#8243;][vc_single_image image=&#8220;86&#8243; css=&#8220;&#8220;][/vc_column][vc_column width=&#8220;1/2&#8243;][vc_column_text css=&#8220;&#8220;]<span style="font-weight: 400;">Oliver Brauer studierte Buchgeschichte in München und London, war Indie-Verleger, arbeitete in verschiedenen Verlagen und Agenturen. Er berät Autor:innen und Illustrator:innen vor allem im Hinblick auf das Gesamtwerk. Seine Schwerpunkte liegen im Sachbuch und in der Belletristik für Erwachsene sowie in der Illustration.</span>[/vc_column_text][/vc_column][/vc_row][vc_row][vc_column width=&#8220;1/2&#8243;][vc_single_image image=&#8220;85&#8243; css=&#8220;&#8220;][/vc_column][vc_column width=&#8220;1/2&#8243;][vc_column_text css=&#8220;&#8220;]<span style="font-weight: 400;">Roswitha Kern ist gelernte Verlagsbuchhändlerin, studierte an der Universität München Buchwissenschaft und in Padua Kommunikationswissenschaft. Nach Stationen bei Ullstein, Heyne, List und der Verlagsgruppe Random House arbeitete sie über 15 Jahre als Agentin bei Agence Hoffman. Ihre Schwerpunkte liegen sowohl im Bereich Unterhaltung/New Adult und Sachbuch für Erwachsene als auch im Kinder- und Jugendbuch.</span>[/vc_column_text][/vc_column][/vc_row][vc_row][vc_column width=&#8220;1/2&#8243;][vc_single_image image=&#8220;84&#8243; css=&#8220;&#8220;][/vc_column][vc_column width=&#8220;1/2&#8243;][vc_column_text css=&#8220;&#8220;]Meike Schaich ist Volljuristin, sie hat in Augsburg, Lausanne und München Jura studiert. Nachdem sie in Verlagen (Oldenbourg Wissenschaftsverlag, Cornelsen, DeGruyter) tätig war, ist sie in der Agentur für juristische Themen zuständig und leitet das Vertragsmanagement.[/vc_column_text][/vc_column][/vc_row][vc_row][vc_column width=&#8220;1/2&#8243;][vc_single_image image=&#8220;82&#8243; css=&#8220;&#8220;][/vc_column][vc_column width=&#8220;1/2&#8243;][vc_column_text css=&#8220;&#8220;]Dr. Silke Bromm arbeitete in Lektoraten der Verlagsgruppe Penguin Random House sowie der Verlagsgruppe Droemer Knaur. Sie unterstützt die Agent:innen im Tagesgeschäft und ist als Assistentin tätig.</p>
<p>&nbsp;</p>
<p>&nbsp;</p>
<p>&nbsp;</p>
<p>&nbsp;</p>
<p>&nbsp;</p>
<p>Fotos Brauer, Kern &amp; Schaich: Stefanie Luebker Photography. Foto Bromm: privat.[/vc_column_text][/vc_column][/vc_row][vc_row][vc_column][vc_text_separator title=&#8220;Netzwerk&#8220; css=&#8220;&#8220;][/vc_column][/vc_row][vc_row][vc_column width=&#8220;1/2&#8243;][/vc_column][vc_column width=&#8220;1/2&#8243;][vc_column_text css=&#8220;&#8220;]Wir kooperieren mit der <a href="https://medienagentur-breitling.de/" target="_blank" rel="noopener">Medienagentur Breitling</a> im Bereich Filmrechte.</p>
<p>Powered by <a href="https://rocajunior.de/" target="_blank" rel="noopener">Roca Junior</a> und <a href="https://www.teekampagne.de/" target="_blank" rel="noopener">Teekampagne</a>[/vc_column_text][/vc_column][/vc_row]</p>
</div>

<p>[vc_row][vc_column][vc_text_separator title=&#8220;Brauer &amp; Kern&#8220; css=&#8220;&#8220;][/vc_column][/vc_row][vc_row][vc_column width=&#8220;1/2&#8243;][vc_column_text css=&#8220;&#8220;]Verbindlichkeit ist unsere Stärke &#8211; basierend auf der langjährigen Erfahrung am Buchmarkt. Wir sind da bei Hochs und Tiefs, begleiten Karrieren langfristig und ganzheitlich. Eine offene Kommunikation auf Augenhöhe ist uns wichtig, nach innen wie nach außen, mit allen Beteiligten. &nbsp; Vorausgegangen sind Brauer &amp; Kern die Agentur Brauer,&hellip;</p>
